{"id":30,"date":"2019-09-12T12:41:51","date_gmt":"2019-09-12T12:41:51","guid":{"rendered":"http:\/\/pilgrimfalkoni.de\/?page_id=30"},"modified":"2019-09-13T17:50:29","modified_gmt":"2019-09-13T17:50:29","slug":"paedagogische-konzeption","status":"publish","type":"page","link":"http:\/\/pilgrimfalkoni.de\/?page_id=30","title":{"rendered":"P\u00e4dagogische Konzeption"},"content":{"rendered":"\n<p class=\"has-medium-font-size\">1. Wir, Jungen, M\u00e4dchen und junge Erwachsene in der Bundesrepublik Deutschland, haben uns freiwillig zum Bund der Pfadfinderinnen und Pfadfinder zusammengeschlossen. Gemeinsam wollen wir als Teil der Weltpfadfinderinnen- und -pfadfinderbewegung und in der Tradition der deutschen Jugendbewegung eine zeitgem\u00e4\u00dfe Kinder- und Jugendarbeit gestalten. Pfadfinden hei\u00dft f\u00fcr uns, selbstbewusst an unseren Zielen zu arbeiten und uns pers\u00f6nlich st\u00e4ndig weiterzuentwickeln. Dabei steht der junge Mensch als ganzheitliche Pers\u00f6nlichkeit im Mittelpunkt. Wir wollen als verantwortliche B\u00fcrgerinnen und B\u00fcrger eine demokratische, weltoffene Gesellschaft mitgestalten und mittragen.<\/p>\n\n\n\n<p class=\"has-medium-font-size\">2. Wir freuen uns, wenn weitere junge Menschen und aktive Erwachsene bei uns mitmachen. Dabei machen wir keinen Unterschied, welcher Nationalit\u00e4t, Hautfarbe, Religion oder sozialer Herkunft sie sind.<a><\/a><a><\/a><a><\/a><a><\/a><a><\/a><\/p>\n","protected":false},"excerpt":{"rendered":"<p>1. Wir, Jungen, M\u00e4dchen und junge Erwachsene in der Bundesrepublik Deutschland, haben uns freiwillig zum Bund der Pfadfinderinnen und Pfadfinder zusammengeschlossen. Gemeinsam wollen wir als Teil der Weltpfadfinderinnen- und -pfadfinderbewegung und in der Tradition der deutschen Jugendbewegung eine zeitgem\u00e4\u00dfe Kinder- und Jugendarbeit gestalten. Pfadfinden hei\u00dft f\u00fcr uns, selbstbewusst an unseren Zielen zu arbeiten und uns [&hellip;]<\/p>\n","protected":false},"author":1,"featured_media":0,"parent":0,"menu_order":0,"comment_status":"closed","ping_status":"closed","template":"","meta":{"footnotes":""},"class_list":["post-30","page","type-page","status-publish","hentry"],"_links":{"self":[{"href":"http:\/\/pilgrimfalkoni.de\/index.php?rest_route=\/wp\/v2\/pages\/30","targetHints":{"allow":["GET"]}}],"collection":[{"href":"http:\/\/pilgrimfalkoni.de\/index.php?rest_route=\/wp\/v2\/pages"}],"about":[{"href":"http:\/\/pilgrimfalkoni.de\/index.php?rest_route=\/wp\/v2\/types\/page"}],"author":[{"embeddable":true,"href":"http:\/\/pilgrimfalkoni.de\/index.php?rest_route=\/wp\/v2\/users\/1"}],"replies":[{"embeddable":true,"href":"http:\/\/pilgrimfalkoni.de\/index.php?rest_route=%2Fwp%2Fv2%2Fcomments&post=30"}],"version-history":[{"count":2,"href":"http:\/\/pilgrimfalkoni.de\/index.php?rest_route=\/wp\/v2\/pages\/30\/revisions"}],"predecessor-version":[{"id":63,"href":"http:\/\/pilgrimfalkoni.de\/index.php?rest_route=\/wp\/v2\/pages\/30\/revisions\/63"}],"wp:attachment":[{"href":"http:\/\/pilgrimfalkoni.de\/index.php?rest_route=%2Fwp%2Fv2%2Fmedia&parent=30"}],"curies":[{"name":"wp","href":"https:\/\/api.w.org\/{rel}","templated":true}]}}